{"id":104,"date":"2021-11-11T11:37:33","date_gmt":"2021-11-11T10:37:33","guid":{"rendered":"http:\/\/trekandtrailbertrix.run\/?page_id=104"},"modified":"2026-02-08T18:11:32","modified_gmt":"2026-02-08T17:11:32","slug":"club","status":"publish","type":"page","link":"https:\/\/trekandtrailbertrix.run\/index.php\/club\/","title":{"rendered":"Club &#8211; Affiliations"},"content":{"rendered":"\n<p class=\"has-text-align-center\">Notre club de trail, situ\u00e9 \u00e0 Bertrix, au c\u0153ur de l\u2019Ardenne belge, compte un peu plus de 100 affili\u00e9s.<\/p>\n\n\n\n<p class=\"has-text-align-center\">La saison sportive 2025-2026 d\u00e9butera le mardi 9 septembre 2025 pour se terminer le jeudi 4 juin 2026.<br>(avec une courte pause durant l&#8217;hiver du 19\/12\/25 au 05\/01\/26)<br><br>Tous les mardis de la saison \u00e0 19.00 heures, quatre entra\u00eenements sp\u00e9cifiques encadr\u00e9s partageant le m\u00eame th\u00e8me seront propos\u00e9s. Ils seront diff\u00e9renci\u00e9s par leur intensit\u00e9 allant de 1 \u00e9toile (entr\u00e9e de gamme\/remise en condition) \u00e0 4 \u00e9toiles. Au niveau des th\u00e8mes, nous retrouverons par exemple&nbsp;: fractionn\u00e9 et renforcement, technique de descente, travail de relance,\u2026 Chaque coureur pourra choisir hebdomadairement son niveau d\u2019\u00e9toile(s) en fonction de son \u00e9tat de forme, d\u2019une course programm\u00e9e le we,\u2026 Un groupe Whatsapp &#8220;entra\u00eenements&#8221; r\u00e9serv\u00e9 \u00e0 tous les affili\u00e9s sera d\u00e9di\u00e9 \u00e0 l\u2019annonce de ces sorties et de leurs points de rendez-vous.<\/p>\n\n\n\n<p class=\"has-text-align-center\">Les jeudis \u00e0 19.00 heures, deux entra\u00eenements \u00ab\u00a0endurance fondamentale\u00a0\u00bb (EF) encadr\u00e9s seront propos\u00e9s sur une base de 3 niveaux EF possibles (EF1 : +\/-6km\/h ; EF2 : +\/- 7,5km\/h et EF3 : +\/- 10km\/h). Il y aura donc une tournante chaque semaine sur les deux niveaux propos\u00e9s. La communication concernant ceux-ci se fera \u00e9galement sur le groupe Whatsapp d\u00e9di\u00e9 aux entra\u00eenements.<\/p>\n\n\n\n<p class=\"has-text-align-center\">Deux grands objectifs cl\u00f4tureront chaque partie de saison\u2026 L\u2019objectif de la premi\u00e8re partie sera le TNT by Day de Virton d\u00e9but janvier 2026\u2026 L\u2019objectif de la deuxi\u00e8me partie sera un trail \u00e0 l\u2019\u00e9tranger durant un week-end de mai\/juin 2026&nbsp;; ce dernier doit encore \u00eatre fix\u00e9 par les coachs&nbsp;!<\/p>\n\n\n\n<p class=\"has-text-align-center\">Concernant les coachs, aucun ne sera attitr\u00e9 \u00e0 un niveau d\u2019entra\u00eenement pr\u00e9cis\u2026 Vous d\u00e9couvrirez qui encadrera la s\u00e9ance lors de la publication de la sortie sur le groupe Whatsapp&#8230;<\/p>\n\n\n\n<p class=\"has-text-align-center\">Staff coaching&nbsp;:<\/p>\n\n\n\n<p class=\"has-text-align-center\">Aur\u00e9lie Arnould, No\u00e9mie Dehez, Olivier Delignere,<br>S\u00e9bastien Grandjean, Vanessa Hodor, Ga\u00eblle Maffray,<br>Florence Mathelin et Stany Minckwitz.<\/p>\n\n\n\n<p class=\"has-text-align-center\">La cotisation annuelle pour cette saison 2025-2026 s\u2019\u00e9l\u00e8ve \u00e0<br>130\u20ac\/personne et comme toujours, outre les entra\u00eenements, elle comprendra votre assurance \u00ab&nbsp;accident sportif&nbsp;\u00bb tant pour les entra\u00eenements encadr\u00e9s et individuels que pour les courses effectu\u00e9es sous le nom du club.<\/p>\n\n\n\n<p class=\"has-text-align-center\">Pour vous affilier, il suffit de nous retourner le formulaire ci-dessous compl\u00e9t\u00e9 (si nouvel affili\u00e9) et de verser votre cotisation sur le compte du club BE40 0004 5277 3263<br>(Communication : Cotisation Nom Pr\u00e9nom).<\/p>\n\n\n\n<p class=\"has-text-align-center\">Si vous avez la moindre question, n\u2019h\u00e9sitez pas \u00e0 nous contacter par e-mail \u00e0 <a href=\"mailto:info@trekandtrailbertrix.run\" target=\"_blank\" rel=\"noreferrer noopener\">info@trekandtrailbertrix.run<\/a><br>ou par t\u00e9l\u00e9phone au 0498\/63.63.49.<\/p>\n\n\n\n<div class=\"wp-block-image\"><figure class=\"aligncenter size-large\"><img loading=\"lazy\" width=\"670\" height=\"1024\" src=\"https:\/\/trekandtrailbertrix.run\/wp-content\/uploads\/2026\/02\/Formulaire-daffiliation-2025-2026-SOLD-OUT-670x1024.jpg\" alt=\"\" class=\"wp-image-411\" srcset=\"https:\/\/trekandtrailbertrix.run\/wp-content\/uploads\/2026\/02\/Formulaire-daffiliation-2025-2026-SOLD-OUT-670x1024.jpg 670w, https:\/\/trekandtrailbertrix.run\/wp-content\/uploads\/2026\/02\/Formulaire-daffiliation-2025-2026-SOLD-OUT-196x300.jpg 196w, https:\/\/trekandtrailbertrix.run\/wp-content\/uploads\/2026\/02\/Formulaire-daffiliation-2025-2026-SOLD-OUT-768x1173.jpg 768w, https:\/\/trekandtrailbertrix.run\/wp-content\/uploads\/2026\/02\/Formulaire-daffiliation-2025-2026-SOLD-OUT-1005x1536.jpg 1005w, https:\/\/trekandtrailbertrix.run\/wp-content\/uploads\/2026\/02\/Formulaire-daffiliation-2025-2026-SOLD-OUT-1341x2048.jpg 1341w, https:\/\/trekandtrailbertrix.run\/wp-content\/uploads\/2026\/02\/Formulaire-daffiliation-2025-2026-SOLD-OUT-1568x2395.jpg 1568w, https:\/\/trekandtrailbertrix.run\/wp-content\/uploads\/2026\/02\/Formulaire-daffiliation-2025-2026-SOLD-OUT-scaled.jpg 1676w\" sizes=\"(max-width: 670px) 100vw, 670px\" \/><\/figure><\/div>\n\n\n\n<p class=\"has-text-align-center\">Victime de notre succ\u00e8s, nous avons \u00e9t\u00e9 oblig\u00e9s de stopper les inscriptions pour cette saison 2025-2026.<\/p>\n","protected":false},"excerpt":{"rendered":"<p>Notre club de trail, situ\u00e9 \u00e0 Bertrix, au c\u0153ur de l\u2019Ardenne belge, compte un peu plus de 100 affili\u00e9s. La saison sportive 2025-2026 d\u00e9butera le mardi 9 septembre 2025 pour se terminer le jeudi 4 juin 2026.(avec une courte pause durant l&#8217;hiver du 19\/12\/25 au 05\/01\/26) Tous les mardis de la saison \u00e0 19.00 heures,&hellip; <a class=\"more-link\" href=\"https:\/\/trekandtrailbertrix.run\/index.php\/club\/\">Continue reading <span class=\"screen-reader-text\">Club &#8211; Affiliations<\/span><\/a><\/p>\n","protected":false},"author":1,"featured_media":0,"parent":0,"menu_order":0,"comment_status":"closed","ping_status":"closed","template":"","meta":[],"_links":{"self":[{"href":"https:\/\/trekandtrailbertrix.run\/index.php\/wp-json\/wp\/v2\/pages\/104"}],"collection":[{"href":"https:\/\/trekandtrailbertrix.run\/index.php\/wp-json\/wp\/v2\/pages"}],"about":[{"href":"https:\/\/trekandtrailbertrix.run\/index.php\/wp-json\/wp\/v2\/types\/page"}],"author":[{"embeddable":true,"href":"https:\/\/trekandtrailbertrix.run\/index.php\/wp-json\/wp\/v2\/users\/1"}],"replies":[{"embeddable":true,"href":"https:\/\/trekandtrailbertrix.run\/index.php\/wp-json\/wp\/v2\/comments?post=104"}],"version-history":[{"count":30,"href":"https:\/\/trekandtrailbertrix.run\/index.php\/wp-json\/wp\/v2\/pages\/104\/revisions"}],"predecessor-version":[{"id":412,"href":"https:\/\/trekandtrailbertrix.run\/index.php\/wp-json\/wp\/v2\/pages\/104\/revisions\/412"}],"wp:attachment":[{"href":"https:\/\/trekandtrailbertrix.run\/index.php\/wp-json\/wp\/v2\/media?parent=104"}],"curies":[{"name":"wp","href":"https:\/\/api.w.org\/{rel}","templated":true}]}}