{"id":140,"date":"2021-11-11T12:30:43","date_gmt":"2021-11-11T11:30:43","guid":{"rendered":"http:\/\/trekandtrailbertrix.run\/?page_id=140"},"modified":"2025-10-22T10:50:39","modified_gmt":"2025-10-22T08:50:39","slug":"boutique","status":"publish","type":"page","link":"https:\/\/trekandtrailbertrix.run\/index.php\/boutique\/","title":{"rendered":"Boutique"},"content":{"rendered":"\n<p class=\"has-text-align-center\"><strong>Pour toutes commandes ou renseignements<\/strong><br> +32 498 63 63 49<br>ou<br><a rel=\"noreferrer noopener\" href=\"mailto:info@trekandtrailbertrix.run\" target=\"_blank\">info@trekandtrailbertrix.run<\/a> <\/p>\n\n\n\n<hr class=\"wp-block-separator is-style-twentytwentyone-separator-thick\"\/>\n\n\n\n<p class=\"has-text-align-center\">Vous pouvez t\u00e9l\u00e9charger le formulaire de commande au format pdf via le lien ci dessous :<\/p>\n\n\n\n<div class=\"wp-block-file aligncenter\"><a id=\"wp-block-file--media-42f9e9e0-a916-4e94-a1ea-7a1f576762ff\" href=\"https:\/\/trekandtrailbertrix.run\/wp-content\/uploads\/2025\/10\/Formulaire-de-commande-tenues-club.pdf\">Formulaire de commande<\/a><\/div>\n\n\n\n<hr class=\"wp-block-separator is-style-twentytwentyone-separator-thick\"\/>\n\n\n\n<p class=\"has-text-align-center\"><strong>Maillot de course technique ultra l\u00e9ger<\/strong><\/p>\n\n\n\n<div class=\"wp-block-image\"><figure class=\"aligncenter size-large\"><img loading=\"lazy\" width=\"1024\" height=\"341\" src=\"https:\/\/trekandtrailbertrix.run\/wp-content\/uploads\/2024\/05\/tshirt-TT-1024x341.jpg\" alt=\"\" class=\"wp-image-323\" srcset=\"https:\/\/trekandtrailbertrix.run\/wp-content\/uploads\/2024\/05\/tshirt-TT-1024x341.jpg 1024w, https:\/\/trekandtrailbertrix.run\/wp-content\/uploads\/2024\/05\/tshirt-TT-300x100.jpg 300w, https:\/\/trekandtrailbertrix.run\/wp-content\/uploads\/2024\/05\/tshirt-TT-768x256.jpg 768w, https:\/\/trekandtrailbertrix.run\/wp-content\/uploads\/2024\/05\/tshirt-TT-1536x511.jpg 1536w, https:\/\/trekandtrailbertrix.run\/wp-content\/uploads\/2024\/05\/tshirt-TT-2048x682.jpg 2048w, https:\/\/trekandtrailbertrix.run\/wp-content\/uploads\/2024\/05\/tshirt-TT-1568x522.jpg 1568w\" sizes=\"(max-width: 1024px) 100vw, 1024px\" \/><\/figure><\/div>\n\n\n\n<p class=\"has-text-align-center\"><strong>Maillot de course homme<\/strong> &#8211; coupe homme (noir\/jaune fluo)<br>30\u20ac\/pi\u00e8ce pour les affili\u00e9s &#8211; 35\u20ac\/pi\u00e8ce pour les non-affili\u00e9s<br>Tailles disponibles : de 4XS \u00e0 4XL<\/p>\n\n\n\n<p class=\"has-text-align-center\"><strong><strong>Maillot de course<\/strong> dame <\/strong>&#8211; coupe dame (noir\/jaune fluo)<br>30\u20ac\/pi\u00e8ce pour les affili\u00e9s &#8211; 35\u20ac\/pi\u00e8ce pour les non-affili\u00e9s<br>Tailles disponibles : de 4XS \u00e0 4XL<\/p>\n\n\n\n<hr class=\"wp-block-separator is-style-twentytwentyone-separator-thick\"\/>\n\n\n\n<p class=\"has-text-align-center\"><strong>Maillot de course technique ultra l\u00e9ger sans manche<\/strong><\/p>\n\n\n\n<div class=\"wp-block-image\"><figure class=\"aligncenter size-full\"><img loading=\"lazy\" width=\"903\" height=\"661\" src=\"https:\/\/trekandtrailbertrix.run\/wp-content\/uploads\/2025\/10\/Maillot-sans-manche.jpg\" alt=\"\" class=\"wp-image-396\" srcset=\"https:\/\/trekandtrailbertrix.run\/wp-content\/uploads\/2025\/10\/Maillot-sans-manche.jpg 903w, https:\/\/trekandtrailbertrix.run\/wp-content\/uploads\/2025\/10\/Maillot-sans-manche-300x220.jpg 300w, https:\/\/trekandtrailbertrix.run\/wp-content\/uploads\/2025\/10\/Maillot-sans-manche-768x562.jpg 768w\" sizes=\"(max-width: 903px) 100vw, 903px\" \/><\/figure><\/div>\n\n\n\n<p class=\"has-text-align-center\"><strong>Maillot de course sans manches homme<\/strong> &#8211; coupe homme (noir\/jaune fluo)<br>30\u20ac\/pi\u00e8ce pour les affili\u00e9s &#8211; 35\u20ac\/pi\u00e8ce pour les non-affili\u00e9s<br>Tailles disponibles : de 4XS \u00e0 4XL<\/p>\n\n\n\n<p class=\"has-text-align-center\"><strong><strong>Maillot de course<\/strong> sans manches dame <\/strong>&#8211; coupe dame (noir\/jaune fluo)<br>30\u20ac\/pi\u00e8ce pour les affili\u00e9s &#8211; 35\u20ac\/pi\u00e8ce pour les non-affili\u00e9s<br>Tailles disponibles : de 4XS \u00e0 4XL<\/p>\n\n\n\n<hr class=\"wp-block-separator is-style-twentytwentyone-separator-thick\"\/>\n\n\n\n<p class=\"has-text-align-center\"><strong>Singlet de course technique ultra l\u00e9ger<\/strong><\/p>\n\n\n\n<div class=\"wp-block-image\"><figure class=\"aligncenter size-full\"><img loading=\"lazy\" width=\"700\" height=\"565\" src=\"https:\/\/trekandtrailbertrix.run\/wp-content\/uploads\/2025\/10\/Singlet-femme.jpg\" alt=\"\" class=\"wp-image-397\" srcset=\"https:\/\/trekandtrailbertrix.run\/wp-content\/uploads\/2025\/10\/Singlet-femme.jpg 700w, https:\/\/trekandtrailbertrix.run\/wp-content\/uploads\/2025\/10\/Singlet-femme-300x242.jpg 300w\" sizes=\"(max-width: 700px) 100vw, 700px\" \/><\/figure><\/div>\n\n\n\n<p class=\"has-text-align-center\"><strong>Maillot de course homme<\/strong> &#8211; coupe homme (noir\/jaune fluo)<br>35\u20ac\/pi\u00e8ce pour les affili\u00e9s &#8211; 40\u20ac\/pi\u00e8ce pour les non-affili\u00e9s<br>Tailles disponibles : de 4XS \u00e0 4XL<\/p>\n\n\n\n<p class=\"has-text-align-center\"><strong><strong>Maillot de course<\/strong> dame <\/strong>&#8211; coupe dame (noir\/jaune fluo)<br>35\u20ac\/pi\u00e8ce pour les affili\u00e9s &#8211; 40\u20ac\/pi\u00e8ce pour les non-affili\u00e9s<br>Tailles disponibles : de 4XS \u00e0 4XL<\/p>\n\n\n\n<hr class=\"wp-block-separator is-style-twentytwentyone-separator-thick\"\/>\n\n\n\n<p class=\"has-text-align-center\"><strong>Coupe-vent de course technique ultra l\u00e9ger mixte<\/strong><\/p>\n\n\n\n<figure class=\"wp-block-image size-large\"><img loading=\"lazy\" width=\"1024\" height=\"341\" src=\"https:\/\/trekandtrailbertrix.run\/wp-content\/uploads\/2024\/05\/veste-TT-1024x341.jpg\" alt=\"\" class=\"wp-image-324\" srcset=\"https:\/\/trekandtrailbertrix.run\/wp-content\/uploads\/2024\/05\/veste-TT-1024x341.jpg 1024w, https:\/\/trekandtrailbertrix.run\/wp-content\/uploads\/2024\/05\/veste-TT-300x100.jpg 300w, https:\/\/trekandtrailbertrix.run\/wp-content\/uploads\/2024\/05\/veste-TT-768x256.jpg 768w, https:\/\/trekandtrailbertrix.run\/wp-content\/uploads\/2024\/05\/veste-TT-1536x511.jpg 1536w, https:\/\/trekandtrailbertrix.run\/wp-content\/uploads\/2024\/05\/veste-TT-2048x682.jpg 2048w, https:\/\/trekandtrailbertrix.run\/wp-content\/uploads\/2024\/05\/veste-TT-1568x522.jpg 1568w\" sizes=\"(max-width: 1024px) 100vw, 1024px\" \/><\/figure>\n\n\n\n<p class=\"has-text-align-center\">75\u20ac pour les affili\u00e9s \/ 80\u20ac pour les non-affili\u00e9s<br>Tailles disponibles : de 2XS \u00e0 3XL<\/p>\n\n\n\n<hr class=\"wp-block-separator is-style-twentytwentyone-separator-thick\"\/>\n\n\n\n<p class=\"has-text-align-center\"><strong>Casquette &#8220;Air cap&#8221; technique<\/strong> (noir\/jaune fluo)<\/p>\n\n\n\n<div class=\"wp-block-image\"><figure class=\"aligncenter size-full is-resized\"><img loading=\"lazy\" src=\"https:\/\/trekandtrailbertrix.run\/wp-content\/uploads\/2022\/06\/Casquette-TT-unisex-one-size-AV.jpg\" alt=\"\" class=\"wp-image-256\" width=\"400\" height=\"400\" srcset=\"https:\/\/trekandtrailbertrix.run\/wp-content\/uploads\/2022\/06\/Casquette-TT-unisex-one-size-AV.jpg 400w, https:\/\/trekandtrailbertrix.run\/wp-content\/uploads\/2022\/06\/Casquette-TT-unisex-one-size-AV-300x300.jpg 300w, https:\/\/trekandtrailbertrix.run\/wp-content\/uploads\/2022\/06\/Casquette-TT-unisex-one-size-AV-150x150.jpg 150w\" sizes=\"(max-width: 400px) 100vw, 400px\" \/><\/figure><\/div>\n\n\n\n<p class=\"has-text-align-center\">20\u20ac\/pi\u00e8ce pour les affili\u00e9s &#8211; 25\u20ac\/pi\u00e8ce pour les non-affili\u00e9s<br>Taille unique<\/p>\n\n\n\n<hr class=\"wp-block-separator is-style-twentytwentyone-separator-thick\"\/>\n\n\n\n<p class=\"has-text-align-center\"><strong>Bonnet de course technique<\/strong> (noir\/jaune fluo)<\/p>\n\n\n\n<figure class=\"wp-block-image size-large\"><img loading=\"lazy\" width=\"1024\" height=\"650\" src=\"https:\/\/trekandtrailbertrix.run\/wp-content\/uploads\/2025\/05\/bonnet-technique-1-1024x650.jpg\" alt=\"\" class=\"wp-image-378\" srcset=\"https:\/\/trekandtrailbertrix.run\/wp-content\/uploads\/2025\/05\/bonnet-technique-1-1024x650.jpg 1024w, https:\/\/trekandtrailbertrix.run\/wp-content\/uploads\/2025\/05\/bonnet-technique-1-300x190.jpg 300w, https:\/\/trekandtrailbertrix.run\/wp-content\/uploads\/2025\/05\/bonnet-technique-1-768x487.jpg 768w, https:\/\/trekandtrailbertrix.run\/wp-content\/uploads\/2025\/05\/bonnet-technique-1.jpg 1444w\" sizes=\"(max-width: 1024px) 100vw, 1024px\" \/><\/figure>\n\n\n\n<p class=\"has-text-align-center\">15\u20ac\/pi\u00e8ce pour les affili\u00e9s &#8211; 20\u20ac\/pi\u00e8ce pour les non-affili\u00e9s<br>Taille unique<\/p>\n\n\n\n<hr class=\"wp-block-separator is-style-twentytwentyone-separator-thick\"\/>\n\n\n\n<p class=\"has-text-align-center\"><strong>Buff du club<\/strong><\/p>\n\n\n\n<div class=\"wp-block-image\"><figure class=\"aligncenter size-full\"><img loading=\"lazy\" width=\"488\" height=\"563\" src=\"https:\/\/trekandtrailbertrix.run\/wp-content\/uploads\/2024\/05\/buff.jpeg\" alt=\"\" class=\"wp-image-325\" srcset=\"https:\/\/trekandtrailbertrix.run\/wp-content\/uploads\/2024\/05\/buff.jpeg 488w, https:\/\/trekandtrailbertrix.run\/wp-content\/uploads\/2024\/05\/buff-260x300.jpeg 260w\" sizes=\"(max-width: 488px) 100vw, 488px\" \/><\/figure><\/div>\n\n\n\n<p class=\"has-text-align-center\"> 5\u20ac\/pi\u00e8ce<br>Taille unique<\/p>\n\n\n\n<hr class=\"wp-block-separator is-style-twentytwentyone-separator-thick\"\/>\n\n\n\n<p class=\"has-text-align-center\"><strong>Paire de chaussette techniques &#8220;A\u00e9ro light&#8221;<\/strong><\/p>\n\n\n\n<div class=\"wp-block-image\"><figure class=\"aligncenter size-full\"><img loading=\"lazy\" width=\"491\" height=\"587\" src=\"https:\/\/trekandtrailbertrix.run\/wp-content\/uploads\/2024\/05\/chausettes.jpeg\" alt=\"\" class=\"wp-image-326\" srcset=\"https:\/\/trekandtrailbertrix.run\/wp-content\/uploads\/2024\/05\/chausettes.jpeg 491w, https:\/\/trekandtrailbertrix.run\/wp-content\/uploads\/2024\/05\/chausettes-251x300.jpeg 251w\" sizes=\"(max-width: 491px) 100vw, 491px\" \/><\/figure><\/div>\n\n\n\n<p class=\"has-text-align-center\">15\u20ac\/paire pour les affili\u00e9s &#8211; 20\u20ac\/paire pour les non-affili\u00e9s<br>Longueur du pied taille unique<br>Tour \u00e0 mi-mollet en cm : 18,5 &#8211; 20 &#8211; 21 &#8211; 22 &#8211; 23 &#8211; 24<\/p>\n\n\n\n<hr class=\"wp-block-separator is-style-twentytwentyone-separator-thick\"\/>\n\n\n\n<p class=\"has-text-align-center\"><strong>Bonnet \u00e0 pompon<\/strong> (noir\/jaune fluo\/graphit)<\/p>\n\n\n\n<div class=\"wp-block-image\"><figure class=\"aligncenter size-full\"><img loading=\"lazy\" width=\"500\" height=\"500\" src=\"https:\/\/trekandtrailbertrix.run\/wp-content\/uploads\/2022\/06\/Bonnet-Pompom-TT-1.jpg\" alt=\"\" class=\"wp-image-252\" srcset=\"https:\/\/trekandtrailbertrix.run\/wp-content\/uploads\/2022\/06\/Bonnet-Pompom-TT-1.jpg 500w, https:\/\/trekandtrailbertrix.run\/wp-content\/uploads\/2022\/06\/Bonnet-Pompom-TT-1-300x300.jpg 300w, https:\/\/trekandtrailbertrix.run\/wp-content\/uploads\/2022\/06\/Bonnet-Pompom-TT-1-150x150.jpg 150w\" sizes=\"(max-width: 500px) 100vw, 500px\" \/><\/figure><\/div>\n\n\n\n<p class=\"has-text-align-center\">15\u20ac\/pi\u00e8ce pour les affili\u00e9s &#8211; 20\u20ac\/pi\u00e8ce pour les non-affili\u00e9s<br>Taille unique<\/p>\n\n\n\n<hr class=\"wp-block-separator is-style-twentytwentyone-separator-thick\"\/>\n\n\n\n<p class=\"has-text-align-center\"><strong>Bonnet<\/strong> (noir\/jaune fluo)<\/p>\n\n\n\n<div class=\"wp-block-image\"><figure class=\"aligncenter size-full\"><img loading=\"lazy\" width=\"500\" height=\"500\" src=\"https:\/\/trekandtrailbertrix.run\/wp-content\/uploads\/2022\/06\/Bonnet-TT.jpg\" alt=\"\" class=\"wp-image-253\" srcset=\"https:\/\/trekandtrailbertrix.run\/wp-content\/uploads\/2022\/06\/Bonnet-TT.jpg 500w, https:\/\/trekandtrailbertrix.run\/wp-content\/uploads\/2022\/06\/Bonnet-TT-300x300.jpg 300w, https:\/\/trekandtrailbertrix.run\/wp-content\/uploads\/2022\/06\/Bonnet-TT-150x150.jpg 150w\" sizes=\"(max-width: 500px) 100vw, 500px\" \/><\/figure><\/div>\n\n\n\n<p class=\"has-text-align-center\">15\u20ac\/pi\u00e8ce pour les affili\u00e9s &#8211; 20\u20ac\/pi\u00e8ce pour les non-affili\u00e9s<br>Taille unique<\/p>\n\n\n\n<hr class=\"wp-block-separator is-style-twentytwentyone-separator-thick\"\/>\n\n\n\n<p class=\"has-text-align-center\"><strong>Sweat \u00e0 capuche<\/strong><\/p>\n\n\n\n<div class=\"wp-block-image\"><figure class=\"aligncenter size-large\"><img loading=\"lazy\" width=\"1024\" height=\"512\" src=\"https:\/\/trekandtrailbertrix.run\/wp-content\/uploads\/2022\/06\/Sweat-a-capuche-TT-Homme-1024x512.jpg\" alt=\"\" class=\"wp-image-257\" srcset=\"https:\/\/trekandtrailbertrix.run\/wp-content\/uploads\/2022\/06\/Sweat-a-capuche-TT-Homme-1024x512.jpg 1024w, https:\/\/trekandtrailbertrix.run\/wp-content\/uploads\/2022\/06\/Sweat-a-capuche-TT-Homme-300x150.jpg 300w, https:\/\/trekandtrailbertrix.run\/wp-content\/uploads\/2022\/06\/Sweat-a-capuche-TT-Homme-768x384.jpg 768w, https:\/\/trekandtrailbertrix.run\/wp-content\/uploads\/2022\/06\/Sweat-a-capuche-TT-Homme.jpg 1068w\" sizes=\"(max-width: 1024px) 100vw, 1024px\" \/><\/figure><\/div>\n\n\n\n<p class=\"has-text-align-center\"><strong>Sweat \u00e0 capuche homme<\/strong> (noir\/jaune fluo)<br>45\u20ac\/pi\u00e8ce pour les affili\u00e9s &#8211; 50\u20ac\/pi\u00e8ce pour les non-affili\u00e9s<br>Tailles disponibles : XS &#8211; S &#8211; M &#8211; L &#8211; XL &#8211; 2XL &#8211; 3XL &#8211; 4XL<\/p>\n\n\n\n<p class=\"has-text-align-center\"><strong>Sweat \u00e0 capuche dame <\/strong>&#8211; coupe dame (noir\/jaune fluo)<br>45\u20ac\/pi\u00e8ce pour les affili\u00e9s &#8211; 50\u20ac\/pi\u00e8ce pour les non-affili\u00e9s<br>Tailles disponibles : XS &#8211; S &#8211; M &#8211; L &#8211; XL<\/p>\n\n\n\n<hr class=\"wp-block-separator is-style-twentytwentyone-separator-thick\"\/>\n\n\n\n<p class=\"has-text-align-center\"><strong>Polo after-trail<\/strong><\/p>\n\n\n\n<figure class=\"wp-block-image size-full\"><img loading=\"lazy\" width=\"602\" height=\"301\" src=\"https:\/\/trekandtrailbertrix.run\/wp-content\/uploads\/2022\/06\/Polo-TT-Homme.jpg\" alt=\"\" class=\"wp-image-258\" srcset=\"https:\/\/trekandtrailbertrix.run\/wp-content\/uploads\/2022\/06\/Polo-TT-Homme.jpg 602w, https:\/\/trekandtrailbertrix.run\/wp-content\/uploads\/2022\/06\/Polo-TT-Homme-300x150.jpg 300w\" sizes=\"(max-width: 602px) 100vw, 602px\" \/><\/figure>\n\n\n\n<p class=\"has-text-align-center\"><strong>Polo after-trail homme<\/strong> (noir\/jaune fluo)<br>30\u20ac\/pi\u00e8ce pour les affili\u00e9s &#8211; 35\u20ac\/pi\u00e8ce pour les non-affili\u00e9s<br>Tailles disponibles : S &#8211; M &#8211; L &#8211; XL &#8211; 2XL &#8211; 3XL<\/p>\n\n\n\n<p class=\"has-text-align-center\"><strong><strong>Polo after-trail<\/strong> dame<\/strong> &#8211; coupe dame (noir\/jaune fluo)<br>30\u20ac\/pi\u00e8ce pour les affili\u00e9s &#8211; 35\u20ac\/pi\u00e8ce pour les non-affili\u00e9s<br>Tailles disponibles : XS &#8211; S &#8211; M &#8211; L &#8211; XL &#8211; 2XL<\/p>\n\n\n\n<hr class=\"wp-block-separator is-style-twentytwentyone-separator-thick\"\/>\n\n\n\n<p class=\"has-text-align-center\"><strong>Veste Softshell<\/strong><\/p>\n\n\n\n<figure class=\"wp-block-image size-full\"><img loading=\"lazy\" width=\"968\" height=\"484\" src=\"https:\/\/trekandtrailbertrix.run\/wp-content\/uploads\/2022\/06\/Veste-Softshell-TT-Homme.jpg\" alt=\"\" class=\"wp-image-259\" srcset=\"https:\/\/trekandtrailbertrix.run\/wp-content\/uploads\/2022\/06\/Veste-Softshell-TT-Homme.jpg 968w, https:\/\/trekandtrailbertrix.run\/wp-content\/uploads\/2022\/06\/Veste-Softshell-TT-Homme-300x150.jpg 300w, https:\/\/trekandtrailbertrix.run\/wp-content\/uploads\/2022\/06\/Veste-Softshell-TT-Homme-768x384.jpg 768w\" sizes=\"(max-width: 968px) 100vw, 968px\" \/><\/figure>\n\n\n\n<p class=\"has-text-align-center\"><strong>Veste Softshell homme<\/strong> (noir\/jaune fluo)<br>50\u20ac\/pi\u00e8ce pour les affili\u00e9s &#8211; 55\u20ac\/pi\u00e8ce pour les non-affili\u00e9s<br>Tailles disponibles : S &#8211; M &#8211; L &#8211; XL &#8211; 2XL &#8211; 3XL<\/p>\n\n\n\n<p class=\"has-text-align-center\"><strong><strong>Veste Softshell dame<\/strong><\/strong> &#8211; coupe dame (noir\/jaune fluo)<br>50\u20ac\/pi\u00e8ce pour les affili\u00e9s &#8211; 55\u20ac\/pi\u00e8ce pour les non-affili\u00e9s<br>Tailles disponibles : S &#8211; M &#8211; L &#8211; XL &#8211; 2XL<\/p>\n\n\n\n<hr class=\"wp-block-separator is-style-twentytwentyone-separator-thick\"\/>\n","protected":false},"excerpt":{"rendered":"<p>Pour toutes commandes ou renseignements +32 498 63 63 49ouinfo@trekandtrailbertrix.run Vous pouvez t\u00e9l\u00e9charger le formulaire de commande au format pdf via le lien ci dessous : Maillot de course technique ultra l\u00e9ger Maillot de course homme &#8211; coupe homme (noir\/jaune fluo)30\u20ac\/pi\u00e8ce pour les affili\u00e9s &#8211; 35\u20ac\/pi\u00e8ce pour les non-affili\u00e9sTailles disponibles : de 4XS \u00e0 4XL&hellip; <a class=\"more-link\" href=\"https:\/\/trekandtrailbertrix.run\/index.php\/boutique\/\">Continue reading <span class=\"screen-reader-text\">Boutique<\/span><\/a><\/p>\n","protected":false},"author":1,"featured_media":0,"parent":0,"menu_order":0,"comment_status":"closed","ping_status":"closed","template":"","meta":[],"_links":{"self":[{"href":"https:\/\/trekandtrailbertrix.run\/index.php\/wp-json\/wp\/v2\/pages\/140"}],"collection":[{"href":"https:\/\/trekandtrailbertrix.run\/index.php\/wp-json\/wp\/v2\/pages"}],"about":[{"href":"https:\/\/trekandtrailbertrix.run\/index.php\/wp-json\/wp\/v2\/types\/page"}],"author":[{"embeddable":true,"href":"https:\/\/trekandtrailbertrix.run\/index.php\/wp-json\/wp\/v2\/users\/1"}],"replies":[{"embeddable":true,"href":"https:\/\/trekandtrailbertrix.run\/index.php\/wp-json\/wp\/v2\/comments?post=140"}],"version-history":[{"count":16,"href":"https:\/\/trekandtrailbertrix.run\/index.php\/wp-json\/wp\/v2\/pages\/140\/revisions"}],"predecessor-version":[{"id":406,"href":"https:\/\/trekandtrailbertrix.run\/index.php\/wp-json\/wp\/v2\/pages\/140\/revisions\/406"}],"wp:attachment":[{"href":"https:\/\/trekandtrailbertrix.run\/index.php\/wp-json\/wp\/v2\/media?parent=140"}],"curies":[{"name":"wp","href":"https:\/\/api.w.org\/{rel}","templated":true}]}}